True
Let z = 3 - 1. Suppose -q + z*q - 5*s = -14, -5*q + 22 = -2*s. Suppose i = q*i - 245. Is i a prime number?
False
Let v be -1186*2/(-4 + 0). Suppose 5*x = -108 + v. Is x composite?
False
Let b(l) = -2*l**3 - 2*l**3 - 3*l**2 - 1 + 6*l + l**3. Let k(q) = -7*q**3 - 5*q**2 + 12*q - 1. Let x(s) = -5*b(s) + 2*k(s). Is x(-6) a prime number?
True
Suppose 416 = 5*t - 3*q, 5*t + q = 6*q + 410. Is t a composite number?
True
Is (-3 - (-51)/(-6))/(1/(-158)) a composite number?
True
Suppose -2*t + w = 3*t + 233, 2*t + 77 = -5*w. Let g = t - -115. Is g a prime number?
False
Let j(y) = -y**3 - 10*y**2 - 2*y - 9. Let k be j(-8). Let u = k - -174. Is u composite?
False
Let d(l) = 4*l - 5. Is d(6) composite?
False
Suppose -4*x = -2*x + 20. Let t be x/4 - 1/2. Is (5 + t)/((-2)/(-13)) composite?
False
Let r be (3/6)/(-1)*-12. Suppose -3*x + 3 = -r*x. Is (2 + x)*28/2 a composite number?
True
Let a(c) = -5*c + 2. Let p be a(-3). Let y = p + -11. Is (y/(-9))/((-1)/21) a prime number?
False
Let w(x) = x**3 - 6*x**2 + 4*x + 5. Let d be w(5). Suppose 5*q = -d*q + 245. Is q a prime number?
False
Let w = -86 - -277. Is w a composite number?
False
Suppose -2*x + 0*x - 2*o + 2424 = 0, -4*o + 1209 = x. Is x composite?
False
Let a(i) = -6 - 27*i + 7 - 8. Is a(-2) a composite number?
False
Suppose 0*a = -o + 2*a, 5*o - 14 = -4*a. Let i(w) = -12*w + 3. Let p be i(-6). Suppose o*c = p + 31. Is c composite?
False
Let c = 6 - 4. Let y = c - -2. Suppose y*s - 62 = 2*s. Is s composite?
False
Suppose -647 = -3*p + 4*s, -2*p - 5*s = 3*p - 1125. Is p a composite number?
True
Let l(m) = 4558*m + 371. Let x(h) = -49*h - 4. Let r(b) = 4*l(b) + 371*x(b). Let v = 0 + 1. Is r(v) composite?
False
Suppose -r = 4*r - 3*z - 45, 5*z = 0. Suppose -2*v - 1 + r = 0. Let y = 15 - v. Is y a composite number?
False
Is (1 - 5780)/(-2 + 4 + -3) composite?
False
Is (-652)/(-2)*(-3)/(-6) composite?
False
Let a(u) = -6*u**3 + 5*u**2 - 2*u + 1. Let q(w) = -w**3 + w**2 - w. Let x(s) = a(s) - 4*q(s). Let h be x(-1). Suppose -3*n + 175 = h*n. Is n prime?
False
Let p = 9 - 6. Is 109 + (-6)/(-9)*p composite?
True
Let f(t) = t**3 + 12*t**2 + 6*t + 4. Is f(-5) a prime number?
True
Let h(t) be the third derivative of -t**6/120 - t**4/24 + t**3/3 - 2*t**2. Let u be h(0). Suppose 0 = -m + u*m - 67. Is m a prime number?
True
Suppose h = -224 - 105. Let s = h - -736. Is s a prime number?
False
Let h(g) = -56*g. Let a be h(1). Let n = 219 + a. Is n a composite number?
False
Let j(x) = -x**3 + 2*x**2 - 7*x - 19. Is j(-8) composite?
False
Let g = 569 - 76. Is g composite?
True
Suppose 0 = 5*l - 2*l + 18. Let c = l + 9. Suppose 2*f = -5*g + 115, c*f - 4*g = 93 + 68. Is f prime?
False
Suppose 2*z + m + m - 18 = 0, -2*z - 4*m = -24. Let n(t) = 20*t - 9. Is n(z) a composite number?
True
Let j = -179 + -14. Let p = -44 - j. Is p prime?
True
Let z = 3 - 6. Let i(t) = -43*t - 2. Is i(z) composite?
False
Suppose 14 = 2*u - 2*l - 10, -u = 5*l + 12. Is 502/u*2*2 a composite number?
False
Let z = 2 + -1. Suppose 0 = 2*r + 2*x + 6, -z = x + 4. Is 1/(2*r/136) a composite number?
True
Let o = 2 - 2. Let h be 2 - (o - 1*-2). Suppose h = -0*w - w + 15. Is w a prime number?
False
Let l(g) = -83*g**3 + 3*g + 3. Is l(-1) a composite number?
False
Suppose -g = -6 - 2. Let u = g + -5. Suppose -y = 2, 4*b - u*y + y = 60. Is b prime?
False
Let r(x) = -x + 1. Suppose -3*t - 33 = -4*t. Suppose t = -5*i + 3. Is r(i) composite?
False
Let f(a) = 2*a**2 - 3*a. Suppose -5*s = -23 + 3. Let o be f(s). Is o/6*(1 + 2) prime?
False
Let s = 22 - -9. Let c be -1*(-1*2 + -15). Let f = s - c. Is f a prime number?
False
Let t(m) = m - 3. Let s be t(-6). Let q(n) be the second derivative of -n**3/6 - n**2 - 2*n. Is q(s) prime?
True
Suppose 3*p + 31 = 4*j, -2*p = -3*j + 29 - 5. Let d = 21 + j. Is d a composite number?
False
Let v(i) = 2*i**2 - 11*i + 10. Let q = 8 - 1. Is v(q) prime?
True
Let x(z) = -11*z**2 - 3 + z**3 + 7*z + 12*z**2 - 3 + 5. Is x(8) composite?
False
Let s(d) = -d**2 + 10*d - 10. Let i be s(10). Is (-4)/(-10) - 2106/i prime?
True
Let s(f) = f**3 - 6*f**2 + f - 10. Let a be s(8). Suppose -5*u + 14 = -a. Suppose d + d = u. Is d a composite number?
True
Let f(k) = 55*k + 18. Is f(23) composite?
False
Is ((-30)/25)/(2/(-85)) a composite number?
True
Let m = 181 - -70. Is m a composite number?
False
Let q(a) be the third derivative of a**6/120 + 5*a**3/6 + 3*a**2. Let f be q(0). Suppose -2*y = -y + 2*o - 47, -2*o - 271 = -f*y. Is y prime?
True
Let o(g) = 121*g**2. Let q be o(1). Let m = q + -70. Is m a prime number?
False
Suppose q - 8 = 11. Let b = -4 + q. Is b composite?
True
Suppose b = 3*v - 4968, 6*b = 2*v + b - 3299. Is v a composite number?
False
Let p = 0 - 1. Suppose -15*c + 10*c = -10. Is p + c + 18 - 0 a prime number?
True
Suppose -5*o + 2*t = -2385, -2*t + 481 = 5*o - 1924. Is o composite?
False
Let h(n) = n**3 + 7*n**2 - 9*n + 10. Is h(7) composite?
True
Let m(k) = k. Let d(a) = -57*a + 3. Let b(j) = d(j) + 2*m(j). Is b(-4) prime?
True
Suppose -d = 2*d - k + 5, -2*d - k = -5. Suppose d = 4*g - 1 - 543. Suppose 5*y - g = y. Is y prime?
False
Let f(c) = 626*c - 15. Is f(4) prime?
False
Let g(m) = -5*m**3 + 4*m**2 - m - 2. Let b(y) = y**3 - y**2 + 1. Let l(k) = -3*b(k) - g(k). Is l(2) composite?
False
Let k = -9 + 11. Is (9/(-6) + k)*382 a composite number?
False
Suppose 0 - 3 = -3*i. Let h(l) be the third derivative of 19*l**4/12 - l**3/6 + 2*l**2. Is h(i) a prime number?
True
Is 1378/2 + (-5 - -9) + -2 prime?
True
Let p(k) = -130*k - 31. Is p(-11) a composite number?
False
Let l(r) be the first derivative of r**4/4 - 10*r**3/3 + 9*r**2/2 - 12*r - 1. Let s be l(8). Is s/(-7) - (-2)/7 prime?
False
Suppose 3*v = -y + 21, 5*y - 42 - 47 = v. Suppose -y = -a + 5. Is a prime?
True
Let g(f) = f**3 - f**2 + 1 - 3 + 0. Is g(2) a prime number?
True
Let r be (2/3)/(1/15). Suppose r + 80 = 3*v. Suppose -5*k = -b - 15, -3*b - 4*k - v = -8*b. Is b composite?
True
Let h be ((-6)/(-9))/(6/(-9)). Let f be h/(0 + (-3)/1041). Suppose 4*d - f = 465. Is d composite?
True
Suppose 0 = 2*j - 3*b - 587, 4*j - 241 - 935 = 4*b. Is j prime?
False
Let u(p) = 45*p - 1. Is u(6) composite?
False
Suppose u + 2*n = 42, -5*u + 48 + 134 = 3*n. Let j = 211 - u. Is j prime?
False
Suppose z = 2*f - 2640 - 395, -4547 = -3*f - 4*z. Is f prime?
False
Let c(i) be the first derivative of i**2/2 + 8*i - 3. Let z be c(-6). Is (381/(-6))/(z/(-4)) a composite number?
False
Suppose 2*l = -5*o - 35, 0 = 5*o - 4*l - l. Let u be (-4)/o*(-30)/4. Is 3/u + 43/2 a composite number?
True
Suppose -3*i + 443 = 4*s, -5*i + 906 - 181 = 4*s. Let m = i + -82. Is m a composite number?
False
Suppose -4*o = -5*f + 2955, -4*f - o = -7*f + 1766. Is f composite?
False
Let g(h) = 16*h + 5. Let j be g(3). Let t = j - 20. Is t a prime number?
False
Is (-106)/1*3/(-6) composite?
False
Let w = -5 + 10. Suppose a - w*a = -112. Let p = a + -7. Is p composite?
True
Suppose g + 0*g - 6 = 0. Let k = 11 - g. Suppose 55 = k*f + 10. Is f composite?
True
Let d be 129/2*4/2. Suppose -2*y + 71 = u, -2*u - 289 = -5*y - 89. Let x = d - y. Is x composite?
True
Let a(g) be the second derivative of -g**4/12 + 4*g**3/3 - g**2 - 2*g. Let z be a(7). Suppose 47 = z*k - 68. Is k composite?
False
Let r be 1*10*(-20)/(-50). Suppose 2*a - r*t - 270 = 0, 4*a + a + 5*t = 660. Is a a prime number?
False
Suppose 0 = -6*o + o - 35. Let p(y) be the first derivative of 2*y**3/3 + 7*y**2/2 - 2*y - 1. Is p(o) a composite number?
False
Suppose -4*y + 15 = -y, -4*g + 3*y - 3 = 0. Suppose -2*t + i = 4*i - 7, -2 = -t - g*i. Suppose -175 = -t*w - 0*w. Is w a composite number?
True
Let u = 252 - 61. Is u a prime number?
True
Let y = 632 + -201. Is y a composite number?
False
Suppose -c = -4 - 9. Is c prime?
True
Let v(z) = 22*z**2 + 5*z - 1. Is v(-4) a composite number?
False
Suppose 0 = 2*h - 5*l - 711, 5*h + 3*l - 1495 - 360 = 0. Let f = -51 + h. Is f a prime number?
True
Suppose -10 + 0 = -2*y. Suppose -160 = -y*p + 410. Suppose p = 2*u + 22. Is u composite?
True
Suppose 2*a + 200 = -2*f, a + 0*a + 92 = -5*f. Suppose -2*s = -q - 257, -3*q + 5*s - 963 = -195. Let c = a - q. Is c prime?
True
Let i = 2692 + -827. Suppose 10*j - 5*j = i. Is j a composite number?
False
Suppose -a - 5*z = -0*a + 18, -4*a = 5*z + 12. Let h = 0 + a. Suppose -h = l